at is -111 + 100110011001010011100001?
100110011001010011011010
In base 5, what is 2221021112 + 130?
2221021242
In base 3, what is 1101021200 - 122011?
1100122112
In base 6, what is -11405021 + 224?
-11404353
In base 15, what is 5bb3 - 396b?
2247
In base 9, what is -114474 - -323?
-114151
In base 3, what is 10022102102 + -2102?
10022100000
In base 13, what is -15719bc1 - -4?
-15719bba
In base 7, what is 5643406 + -126?
5643250
In base 4, what is -3022002133132 - -11?
-3022002133121
In base 15, what is 1b - 4c901?
-4c8d5
In base 13, what is -8247c4 - -1?
-8247c3
In base 5, what is 3123142 - 11400?
3111242
In base 9, what is -70 - -227065?
226885
In base 10, what is 121 + 1903858?
1903979
In base 6, what is -40 + -1122352404?
-1122352444
In base 3, what is -10001221211101 + -2?
-10001221211110
In base 3, what is -110000012220211 + 21?
-110000012220120
In base 7, what is -24626036 + -3?
-24626042
In base 2, what is 101001110010 + 100100100101111?
101001110100001
In base 14, what is 2136430 - -1?
2136431
In base 16, what is -5a8b2f + 1e?
-5a8b11
In base 16, what is a2c + -31a?
712
In base 16, what is 7100 - -82?
7182
In base 2, what is 1000011101100110000111010 + 10?
1000011101100110000111100
In base 9, what is 4 + -645177?
-645173
In base 8, what is 10424550 - 3?
10424545
In base 10, what is 4 + 423943032?
423943036
In base 3, what is -1020 + -10010000120?
-10010001210
In base 12, what is 169342b - -10?
169343b
In base 9, what is 2 - -421051826?
421051828
In base 14, what is -ba348 - 28?
-ba372
In base 8, what is 470764664 + 6?
470764672
In base 14, what is 3 - -35c592d?
35c5932
In base 11, what is 152a53 - -1a3?
153146
In base 10, what is -1392930 - 47?
-1392977
In base 6, what is 3200034 - -31023?
3231101
In base 4, what is -123120 - 3310333?
-10100113
In base 10, what is 4 - -30411672?
30411676
In base 5, what is -204332 - -11424?
-142403
In base 4, what is 10 + -23121313003223?
-23121313003213
In base 11, what is 1134126a3 - 5?
113412699
In base 8, what is 242500563 - -2?
242500565
In base 4, what is -22312 + -213212?
-302130
In base 15, what is 69b5d - -160?
69cbd
In base 12, what is -67129 - -11?
-67118
In base 12, what is -3531274a + 5?
-35312745
In base 5, what is -22012 + 23102201?
23030134
In base 8, what is -204215511 - 5?
-204215516
In base 10, what is 2662935 + 74?
2663009
In base 6, what is -1142400 - 221?
-1143021
In base 14, what is 644d04 - 6?
644cdc
In base 12, what is -3b717965 - 4?
-3b717969
In base 4, what is 12201002221 + -200?
12201002021
In base 13, what is -b5158 + -9c?
-b5227
In base 3, what is 2211001111000022 + 0?
2211001111000022
In base 10, what is 3371 - -108973?
112344
In base 4, what is 3031213021 + -1103?
3031211312
In base 13, what is 19c - -89979?
89b48
In base 5, what is 414134 + -3104?
411030
In base 8, what is -560 - 2061?
-2641
In base 10, what is 23304 + -9681?
13623
In base 2, what is 1 + -100001100000111110111110100?
-100001100000111110111110011
In base 2, what is 1111000110111101000000111110 - -10?
1111000110111101000001000000
In base 4, what is 3131 - 130203202?
-130200011
In base 2, what is -1010110001000010 - 1000101000101111?
-10011011001110001
In base 10, what is 267759 + 27?
267786
In base 5, what is 24021 - -43322243?
43401314
In base 5, what is 24032211 + -34?
24032122
In base 3, what is 22201112102 + -22120?
22201012212
In base 4, what is 2 + 10310310031?
10310310033
In base 9, what is -2164827 + 2?
-2164825
In base 16, what is 12c + 62187?
622b3
In base 13, what is -1 + 113a2a1?
113a2a0
In base 6, what is 20442305 + -3?
20442302
In base 16, what is -341a - -2a09?
-a11
In base 7, what is 1121 - 13412434?
-13411313
In base 6, what is -3 - 3203414?
-3203421
In base 15, what is 5 - 351cc?
-351c7
In base 10, what is 442866 - 293?
442573
In base 8, what is -65661 + -2245?
-70126
In base 3, what is 0 - -1101111110011?
1101111110011
In base 7, what is 341 + 1210512?
1211153
In base 13, what is 109a - -3499?
4566
In base 16, what is -2f - -4248c?
4245d
In base 12, what is 1 + 2b7ab72?
2b7ab73
In base 5, what is -3 - 23011242?
-23011300
In base 16, what is -66ca703 + 2?
-66ca701
In base 4, what is -303230 + 302230?
-1000
In base 16, what is -19 + -5e85e?
-5e877
In base 7, what is 100166163 - 1?
100166162
In base 14, what is -1 + 13a4c6a?
13a4c69
In base 5, what is -2 - 2242122332?
-2242122334
In base 11, what is 23 - 797358?
-797335
In base 6, what is -110151511 - -5?
-110151502
In base 8, what is -2251523 - 10?
-2251533
In base 14, what is -123a2 + 39?
-12367
In base 11, what is 2287a + -11a06?
10974
In base 14, what is -cc6da4 + -8?
-cc6dac
In base 16, what is -5de5 + 2163?
-3c82
In base 11, what is -13 - 26a1172?
-26a1185
In base 6, what is 50043541 + 30?
50044011
In base 8, what is 2444202 + -40?
2444142
In base 13, what is 181774 - -116?
18188a
In base 12, what is 4 + -20029157?
-20029153
In base 5, what is 3402204140 - -30?
3402204220
In base 16, what is 1af + -1eef?
-1d40
In base 16, what is -12 + -34a874?
-34a886
In base 2, what is 1001010011001001000001 - 1010?
1001010011001000110111
In base 14, what is -36320 + -165?
-36485
In base 6, what is 3150415 - 212?
3150203
In base 2, what is 10110011110101 + -1011000111?
10101000101110
In base 10, what is -36 + 214217?
214181
In base 13, what is 1c89c - -206?
1caa5
In base 4, what is 110320110 + 12300?
110333010
In base 7, what is -45463 + 51001?
2205
In base 13, what is -4 + -6cba76?
-6cba7a
In base 5, what is -4 + 1220433?
1220424
In base 9, what is -13743361 + -2?
-13743363
In base 14, what is -a6 - -14d61?
14c99
In base 16, what is 9d7c - -69a?
a416
In base 3, what is 110 + -212200021212?
-212200021102
In base 15, what is -13d9 - -2dd?
-10eb
In base 5, what is -114313 - 4242?
-124110
In base 12, what is 13043 + 437?
1347a
In base 7, what is 32136 - 2355?
26451
In base 7, what is 0 - 42610301?
-42610301
In base 5, what is 14 + 231402241?
231402310
In base 7, what is -60 - 64623453?
-64623543
In base 7, what is 1 + -44665354?
-44665353
In base 10, what is 26728 + 1634?
28362
In base 16, what is 48d3 - 25d?
4676
In base 14, what is 1424b - 8d?
1419c
In base 11, what is -16198 - -96?
-16102
In base 4, what is -103 + -1100031113?
-1100031222
In base 13, what is 2 + 154c23?
154c25
In base 4, what is -20031020223311 - 11?
-20031020223322
In base 2, what is 10010011001100000101101 - 11000?
10010011001100000010101
In base 5, what is -20033233004 + 2?
-20033233002
In base 16, what is b + -ce4c73?
-ce4c68
In base 5, what is 223123 - -412431?
1141104
In base 2, what is 10110010 + 1010110101101011000?
1010110110000001010
In base 11, what is -77260 - -a85?
-76286
In base 2, what is 10001110010101101 + -101011010?
10001101101010011
In base 10, what is 12100363 - -1?
12100364
In base 13, what is 48 - -5651?
5699
In base 11, what is 131005 - 1?
131004
In base 4, what is 103223312200 - -1?
103223312201
In base 3, what is 1 - -1102111112012110?
1102111112012111
In base 6, what is -10125 - -1340011?
1325442
In base 6, what is -5253 + 40012?
30315
In base 8, what is 320 + 16001642?
16002162
In base 8, what is -32150 - -4065?
-26063
In base 2, what is -10101111 - -100000101101011?
100000010111100
In base 6, what is -21154151 + 24?
-21154123
In base 14, what is -3 + -1d63b41?
-1d63b44
In base 12, what is 401b10 + 115?
402025
In base 16, what is -7 - 88ed4b?
-88ed52
In base 9, what is -1021 - 12728?
-13750
In base 7, what is -3 + 136613551?
136613545
In base 3, what is 220 + 121021121101010?
121021121102000
In base 12, what is 562659 - -3?
562660
In base 3, what is -1110021000001012 - -12?
-1110021000001000
In base 11, what is -300 + 2174?
1974
In base 11, what is -246a077 + 2?
-246a075
In base 2, what is 1001110100001011 - -1000?
1001110100010011
In base 15, what is 637263 + -5?
63725d
In base 10, what is 2 + -289552?
-289550
In base 15, what is -213266 - -3a?
-21322b
In base 5, what is 133420132111 - -2?
133420132113
In base 9, what is 825 - 1216420?
-1215484
In base 6, what is 513 - -1103004?
1103521
In base 6, what is -20125200130 + -5?
-20125200135
In base 3, what is -10102 + -22010002202?
-22010020011
In base 7, what is 2 - 23526040?
-23526035
In base 14, what is 26cd07 + 2?
26cd09
In base 9, what is 72053 + 2005?
74058
In base 5, what is 412423 - -230233?
114